t p(o) = -o**3 - 3*o**2 + 12*o - 745. Calculate p(0).
-745
Let b(v) = 9*v**3 + 1401*v**2 - 474*v - 928. Determine b(-156).
8
Let n(y) = 8*y**2 - 105*y - 84. Calculate n(10).
-334
Let b(a) = 2*a**3 - 6*a**2 + 309*a + 1850. Determine b(-6).
-652
Let x(d) = 180*d - 120528. Calculate x(669).
-108
Let n(m) = m**3 - 3*m**2 - 1175*m + 4730. What is n(4)?
46
Let z(k) = -767*k + 49050. Calculate z(64).
-38
Let c(g) = -962*g + 15964. What is c(17)?
-390
Let f(h) = 12*h**2 + 24*h - 50. What is f(3)?
130
Let n(i) = i**3 + 66*i**2 + 724*i + 198. Determine n(-52).
406
Let o(c) = c**2 + 157*c + 2553. Determine o(-107).
-2797
Let a(s) = -3*s**2 - 152*s + 8622. Calculate a(34).
-14
Let r(z) = -14*z**2 - 1327*z - 10776. Determine r(-9).
33
Let f(z) = -2*z**2 - 78*z - 859. Determine f(-27).
-211
Let x(n) = 58924*n + 4537152. Give x(-77).
4
Let b(f) = -596*f - 235447. Calculate b(-395).
-27
Let b(l) = 1983*l - 99514. Calculate b(50).
-364
Let t(d) = 1386*d + 208891. What is t(-152)?
-1781
Let g(h) = -2661*h - 47838. Calculate g(-18).
60
Let m(i) = 54*i**2 - 137*i + 397. What is m(3)?
472
Let p(s) = 520*s - 42818. Give p(82).
-178
Let b(x) = 20*x**3 - 224*x**2 + 511*x - 19. Calculate b(8).
-27
Let o(c) = -c**3 + 78*c**2 + 784*c - 89. Determine o(87).
-2
Let a(t) = t**3 + 72*t**2 - 4053*t - 2174. Give a(-109).
6
Let p(u) = u**3 - 70*u**2 + 77*u - 582. Determine p(69).
-30
Let k(j) = -j**2 + 758*j + 59641. Determine k(-73).
-1022
Let p(l) = 2*l**3 - 961*l**2 - 2899*l - 37. Calculate p(-3).
-43
Let j(x) = 3*x**3 - 610*x**2 - 553*x + 55. Determine j(-1).
-5
Let i(p) = -5985*p + 17433. Give i(3).
-522
Let x(o) = 4*o**2 - 3749*o + 18608. Determine x(5).
-37
Let w(j) = -35318*j**2 - 353179*j + 24. What is w(-10)?
14
Let u(d) = d**3 - 44*d**2 - 283*d - 51. Give u(50).
799
Let j(a) = 5*a**2 - 695*a - 29375. Calculate j(-34).
35
Let n(h) = -1053*h + 253700. Determine n(241).
-73
Let k(r) = r**3 + 27*r**2 - 12*r - 143. Calculate k(-28).
-591
Let d(o) = -83*o**2 + 14526*o - 181. What is d(175)?
-6
Let o(s) = -s**3 + 142*s**2 + 163*s - 62073. Determine o(140).
-53
Let f(o) = 9*o**2 + 196*o - 6789. Give f(20).
731
Let d(m) = m**2 + 37862*m + 189275. Determine d(-5).
-10
Let u(c) = -809*c**2 - 2*c + 2. Give u(1).
-809
Let r(d) = -560*d - 19515. What is r(-35)?
85
Let d(j) = 15287*j + 5457461. Give d(-357).
2
Let p(h) = -29513*h - 6050155. Give p(-205).
10
Let m(w) = -2455*w - 58944. Determine m(-24).
-24
Let b(x) = -2030*x**2 + 1654*x + 391. Give b(1).
15
Let h(r) = -8*r**2 - 900*r - 17505. Give h(-25).
-5
Let s(a) = -a**3 - a**2 - 10220*a - 30640. Give s(-3).
38
Let z(a) = 340*a**2 - 37394*a - 669. Determine z(110).
-9
Let u(r) = -6*r**2 - 819*r - 7460. Calculate u(-9).
-575
Let w(s) = -4*s**2 + 1827*s + 77342. What is w(-39)?
5
Let n(y) = y**3 - 10*y**2 + 25*y - 71. Determine n(16).
1865
Let s(q) = -3044*q + 365276. Determine s(120).
-4
Let z(n) = 2*n**2 - 27*n - 115. Give z(5).
-200
Let k(d) = -22417*d + 89623. Determine k(4).
-45
Let s(o) = 1213*o - 20113. Determine s(17).
508
Let v(i) = 2*i**3 + 44*i**2 + 405*i + 10379. Give v(-23).
6
Let f(l) = l**2 + 10406*l + 218075. Determine f(-21).
-10
Let c(i) = i**2 + 39883*i - 598468. What is c(15)?
2
Let q(n) = 61*n**2 - 149*n - 454. Calculate q(-3).
542
Let l(m) = 10661*m - 2547979. What is l(239)?
0
Let w(u) = 14*u**3 - 38*u**2 - 49*u - 15. Calculate w(-3).
-588
Let u(i) = -2827*i + 45052. Give u(16).
-180
Let j(o) = o**3 + 23*o**2 - 605*o - 13648. Determine j(-26).
54
Let b(m) = 45*m + 2442. Give b(-97).
-1923
Let v(y) = -24*y + 611. What is v(-2)?
659
Let v(u) = 2*u**3 + 1482*u**2 - 2915*u - 106. Give v(2).
8
Let p(o) = -6*o**3 - 5*o**2 - 18*o - 47. Determine p(-3).
124
Let v(l) = -187225*l + 1872262. Give v(10).
12
Let j(l) = 1030*l - 86293. Determine j(84).
227
Let q(d) = d**3 + 81*d**2 + 392*d + 734. Determine q(-76).
-178
Let v(d) = 2*d**3 - 90*d**2 - 5264*d + 233733. Calculate v(43).
-15
Let h(i) = -4*i**3 + 610*i**2 - 201*i - 15648. Calculate h(152).
8
Let u(o) = o**3 + 40*o**2 + 440*o + 976. What is u(-15)?
1
Let i(s) = 129*s**3 + 40246*s**2 - 616*s + 2500. Give i(-312).
4
Let d(r) = r**2 + 61*r + 562. Calculate d(-13).
-62
Let q(x) = -67*x**2 + 4*x + 4233. What is q(0)?
4233
Let z(m) = -176*m - 7082. Calculate z(-36).
-746
Let x(l) = -155*l**2 - 821*l - 396. Give x(-5).
-166
Let n(s) = -s**3 + 46*s**2 + 67*s - 3087. Give n(46).
-5
Let w(h) = -h**3 - 306*h**2 + 3059*h + 1001. Give w(10).
-9
Let t(y) = -375*y**2 - 98240*y + 2671. What is t(-262)?
51
Let p(y) = 331*y + 3947. Calculate p(-9).
968
Let j(y) = -92*y**3 - 32*y**2 + 95*y - 44. Calculate j(3).
-2531
Let i(z) = z**2 - 2745*z - 601605. Give i(-204).
-9
Let s(t) = -11*t**3 + 475*t**2 - 55*t - 1344. Give s(43).
-11
Let x(g) = -37*g**2 - 1797*g + 55. What is x(-49)?
-729
Let a(m) = 4*m**3 + 5*m**2 - 26*m + 57. Calculate a(-5).
-188
Let s(j) = 258*j - 65. Give s(-6).
-1613
Let n(c) = -714*c - 182061. Give n(-255).
9
Let k(s) = -43027*s - 258104. Give k(-6).
58
Let u(c) = 452*c - 4708. What is u(15)?
2072
Let j(z) = 22*z**3 + 2*z**2 + 49*z - 188. Give j(4).
1448
Let x(k) = -2*k**3 - 7*k**2 + 43*k + 132. Give x(-6).
54
Let c(p) = -14*p**2 + 119*p - 36. Calculate c(25).
-5811
Let r(p) = 731*p + 1407. Give r(-7).
-3710
Let t(c) = 568*c - 17380. Determine t(32).
796
Let d(f) = -2*f**3 - 1970*f**2 + 11891*f - 22. Determine d(6).
-28
Let k(l) = l**3 - 54*l**2 - 4694*l - 4345. Give k(-46).
-21
Let s(w) = w**2 + 37*w - 1083. What is s(-58)?
135
Let z(h) = -175*h**2 + 275*h + 1069. What is z(-4)?
-2831
Let l(r) = -r - 2749. What is l(-10)?
-2739
Let z(d) = 144454*d + 2022459. Determine z(-14).
103
Let y(p) = 580*p + 119923. What is y(-207)?
-137
Let v(s) = -5913*s + 130004. Give v(22).
-82
Let d(x) = 2*x**2 + 3831*x + 105768. Calculate d(-28).
68
Let o(d) = -44*d + 14690. Give o(296).
1666
Let w(p) = 11273*p - 22524. Calculate w(2).
22
Let x(k) = 4*k**2 + 29*k + 2. Calculate x(-9).
65
Let g(c) = -c**3 - 166*c**2 + 1550*c - 4383. Calculate g(-175).
-8
Let k(r) = 526*r + 1979. Give k(-6).
-1177
Let p(j) = j**3 + 3929*j**2 + 31468*j + 6. Calculate p(-8).
-794
Let o(z) = -10*z**3 + 109*z**2 - 298*z + 538. Calculate o(8).
10
Let x(q) = -q**3 - 9*q**2 - 512*q - 5800. Calculate x(-11).
74
Let f(w) = 5339*w - 213551. What is f(40)?
9
Let o(c) = 199*c**2 + 16119*c + 60. Give o(-81).
60
Let o(v) = -v**3 + 20*v**2 - 17*v - 382. Determine o(16).
370
Let k(b) = -4*b**3 + 1539*b**2 + 12968*b + 311. Determine k(393).
-82
Let h(x) = 3*x**2 + 203*x + 411. Calculate h(-65).
-109
Let l(a) = a**3 - 21*a**2 - 1864*a - 8915. Calculate l(-5).
-245
Let c(a) = 9259*a - 509241. What is c(55)?
4
Let t(d) = -3*d**3 - 31*d**2 + 199*d + 2087. What is t(-10)?
-3
Let q(l) = -144*l - 31505. Give q(-219).
31
Let t(h) = 10*h**2 + 1069*h + 8717. Calculate t(-98).
-5
Let g(b) = -11*b**3 - 10154*b**2 - 1809*b - 817772. What is g(-923)?
6
Let x(c) = 265*c**2 - 199*c - 74. Determine x(-3).
2908
Let a(y) = -2064*y**3 - 3*y**2 - 7*y + 1. What is a(1)?
-2073
Let v(l) = 21994*l + 5190591. What is v(-236)?
7
Let s(h) = -3*h**3 - 62*h**2 + 24*h - 18. Give s(-22).
1390
Let y(w) = 53*w**2 + 357*w + 234. Give y(-6).
0
Let g(i) = 10*i**2 - 443*i + 312. Determine g(43).
-247
Let a(t) = t**3 - 15*t**2 + 36*t - 384. Determine a(15).
156
Let y(c) = -c**3 + 153*c**2 - 4674*c + 516. Calculate y(42).
12
Let w(u) = -206*u - 1609. Determine w(-9).
245
Let h(j) = -9*j**3 - 211*j**2 - 470*j - 162. What is h(-21)?
6
Let h(u) = -23440*u - 23550. Give h(-1).
-110
Let s(k) = -2*k**3 + 114*k**2 + 26*k + 720. What is s(57)?
2202
Let l(c) = c**3 + 82*c**2 - 25*c + 4704. Give l(-83).
-110
Let u(g) = 40*g + 517. Calculate u(3).
637
Let v(x) = -464*x + 2629. Give v(8).
-1083
Let k(h) = h**2 + 11075*h + 254168. Give k(-23).
-28
Let y(c) = -2154*c - 566655. What is y(-263)?
-153
Let t(i) = -763*i - 2180. Calculate t(-4).
872
Let g(z) = z**2 - 1346*z - 18. What is g(0)?
-18
Let j(g) = 2*g**2 - 2893*g - 20317. What is j(-7)?
32
Let d(k) = k**2 + 2505*k - 22665. What is d(9)?
-39
Let c(o) = o**2 - 669*o + 9080. Determine c(14).
-90
Let k(i) = -i**2 - 439*i + 11199. What is k(24)?
87
Let o(n) = -3*n**2 + 3404*n + 6790. Calculate o(-2).
-30
Let g(n) = -n**3 - 115*n**2 + 310*n - 5167. What is g(-118)?
25
Let v(y) = -53129*y - 1275081. Give v(-24).
15